visor of 30 and 50.
10
What is the highest common divisor of 138 and 50738?
46
Calculate the highest common divisor of 1170 and 520.
130
Calculate the greatest common factor of 14 and 10738.
14
What is the greatest common divisor of 57 and 4579?
19
What is the highest common factor of 36 and 1584?
36
Calculate the greatest common divisor of 720 and 110.
10
What is the greatest common factor of 16432 and 948?
316
What is the highest common divisor of 296 and 28?
4
Calculate the highest common factor of 35 and 1505.
35
Calculate the greatest common factor of 39 and 3575.
13
Calculate the highest common factor of 54 and 36.
18
What is the greatest common factor of 68 and 833?
17
Calculate the highest common factor of 18 and 1062.
18
Calculate the highest common divisor of 7181 and 167.
167
What is the highest common factor of 545 and 327?
109
Calculate the highest common factor of 45 and 477.
9
Calculate the greatest common factor of 256 and 976.
16
Calculate the highest common divisor of 78 and 33.
3
Calculate the greatest common divisor of 415 and 95.
5
What is the greatest common factor of 430 and 3526?
86
Calculate the greatest common divisor of 74 and 11026.
74
Calculate the greatest common factor of 1908 and 1696.
212
What is the greatest common divisor of 851 and 23?
23
What is the greatest common factor of 10 and 5410?
10
What is the highest common divisor of 1 and 27?
1
What is the greatest common factor of 6512 and 11?
11
What is the highest common divisor of 66 and 156?
6
What is the greatest common factor of 9074 and 2?
2
Calculate the greatest common factor of 120 and 3000.
120
What is the highest common divisor of 3069 and 18?
9
What is the highest common factor of 3010 and 805?
35
Calculate the greatest common factor of 1985 and 5.
5
Calculate the highest common factor of 2059 and 232.
29
What is the greatest common divisor of 657 and 99?
9
Calculate the highest common divisor of 90 and 3300.
30
What is the greatest common divisor of 8 and 448?
8
What is the greatest common divisor of 55 and 440?
55
Calculate the highest common factor of 39 and 20943.
39
Calculate the highest common divisor of 40 and 32360.
40
Calculate the greatest common divisor of 14 and 2174.
2
What is the highest common divisor of 153 and 9?
9
Calculate the highest common factor of 248 and 155.
31
What is the greatest common divisor of 200 and 8?
8
What is the highest common factor of 306 and 36?
18
What is the greatest common factor of 3048 and 72?
24
Calculate the greatest common divisor of 1664 and 16.
16
What is the highest common factor of 2787 and 6?
3
Calculate the greatest common divisor of 1908 and 53.
53
What is the highest common divisor of 25 and 500?
25
Calculate the greatest common divisor of 4 and 1112.
4
Calculate the highest common factor of 88 and 66.
22
What is the greatest common divisor of 180 and 90?
90
What is the highest common divisor of 50 and 490?
10
What is the greatest common divisor of 90 and 60?
30
What is the greatest common divisor of 160 and 22048?
32
What is the highest common divisor of 3030 and 3939?
303
What is the greatest common factor of 55 and 205?
5
Calculate the greatest common divisor of 105 and 75.
15
Calculate the greatest common factor of 31 and 73.
1
What is the highest common divisor of 13 and 3185?
13
Calculate the greatest common factor of 2 and 7.
1
What is the highest common factor of 16 and 2?
2
Calculate the greatest common divisor of 3171 and 105.
21
What is the highest common divisor of 320 and 8?
8
What is the greatest common factor of 238 and 833?
119
Calculate the greatest common divisor of 48 and 1200.
48
What is the greatest common factor of 22457 and 34?
17
What is the highest common divisor of 17 and 14909?
17
What is the highest common factor of 2059 and 29?
29
What is the highest common divisor of 72 and 192?
24
What is the highest common factor of 87 and 3?
3
Calculate the highest common factor of 35 and 1470.
35
What is the greatest common divisor of 6870 and 7328?
458
Calculate the greatest common factor of 60 and 140.
20
Calculate the greatest common factor of 624 and 546.
78
Calculate the highest common divisor of 37 and 5.
1
Calculate the greatest common factor of 20 and 1420.
20
Calculate the highest common divisor of 168 and 24.
24
Calculate the highest common factor of 136 and 833.
17
Calculate the highest common factor of 114 and 779.
19
Calculate the greatest common divisor of 30 and 290.
10
What is the highest common divisor of 324 and 8343?
81
Calculate the greatest common factor of 250 and 875.
125
Calculate the highest common divisor of 75 and 15825.
75
Calculate the greatest common factor of 34 and 16762.
34
Calculate the highest common factor of 222 and 518.
74
What is the greatest common divisor of 24 and 2148?
12
Calculate the highest common divisor of 512 and 1888.
32
What is the greatest common factor of 7693 and 245?
49
What is the highest common divisor of 231 and 21?
21
Calculate the greatest common factor of 14560 and 1344.
224
What is the greatest common divisor of 144 and 112?
16
Calculate the highest common divisor of 345 and 60.
15
What is the highest common factor of 43 and 18103?
43
What is the highest common divisor of 76 and 19076?
76
Calculate the greatest common divisor of 2911 and 71.
71
Calculate the greatest common divisor of 134 and 134.
134
Calculate the greatest common factor of 1236 and 144.
12
Calculate the greatest common divisor of 2688 and 252.
84
What is the greatest common divisor of 14928 and 336?
48
Calculate the greatest common divisor of 308 and 77.
77
What is the highest common factor of 11 and 1265?
11
What is the greatest common factor of 30 and 1110?
30
Calculate the greatest common factor of 984 and 216.
24
Calculate the highest common divisor of 10881 and 27.
27
Calculate the greatest common factor of 30 and 885.
15
Calculate the highest common divisor of 16 and 15.
1
Calculate the highest common divisor of 3 and 14.
1
Calculate the highest common factor of 99 and 36.
9
What is the greatest common divisor of 99 and 165?
33
Calculate the greatest common divisor of 142 and 14129.
71
Calculate the highest common divisor of 4200 and 630.
210
What is the highest common factor of 1742 and 26?
26
Calculate the highest common divisor of 315 and 819.
63
What is the highest common divisor of 78 and 936?
78
What is the highest common factor of 155 and 868?
31
What is the greatest common factor of 94 and 1786?
94
What is the greatest common divisor of 4 and 68?
4
What is the greatest common factor of 245 and 1785?
35
What is the highest common divisor of 68 and 782?
34
What is the greatest common divisor of 70 and 1050?
70
What is the greatest common divisor of 29412 and 86?
86
Calculate the highest common divisor of 1036 and 56.
28
What is the greatest common divisor of 48 and 80?
16
Calculate the greatest common factor of 13014 and 108.
54
What is the highest common divisor of 363 and 1331?
121
What is the highest common divisor of 350 and 275?
25
Calculate the greatest common factor of 9 and 18.
9
What is the highest common factor of 1566 and 432?
54
Calculate the greatest common divisor of 3159 and 65.
13
Calculate the highest common divisor of 12 and 8.
4
Calculate the highest common divisor of 3870 and 180.
90
Calculate the highest common factor of 40 and 12360.
40
Calculate the highest common divisor of 99 and 5.
1
Calculate the greatest common factor of 208 and 520.
104
What is the greatest common factor of 80 and 2000?
80
Calculate the greatest common divisor of 15 and 12345.
15
What is the greatest common factor of 98 and 5978?
98
Calculate the greatest common factor of 10 and 70.
10
What is the highest common factor of 116 and 3132?
116
Calculate the greatest common divisor of 75 and 120.
15
Calculate the highest common divisor of 19888 and 22.
22
What is the highest common divisor of 655 and 2751?
131
Calculate the greatest common divisor of 1 and 19.
1
What is the greatest common divisor of 12 and 243?
3
What is the greatest common factor of 1765 and 5?
5
Calculate the highest common divisor of 62805 and 15.
15
What is the greatest common factor of 97 and 7081?
97
What is the greatest common divisor of 1892 and 1804?
44
What is the